s - 37 = 0, -2*i - 2*i = s - 130. Calculate the highest common factor of i and 297.
33
Let h = -70 - -118. Suppose -5*d = 2*p - 6*p - 62, -3*p = 3*d - h. Suppose -2*i + 5*i - 63 = 0. Calculate the greatest common divisor of i and d.
7
Let j(b) = -b**3 - 18*b**2 - 17*b + 29. Let k be j(-17). What is the highest common divisor of k and 203?
29
Let m be (20/3)/(1/6). Suppose -3*w = i - 6*i + 225, -5*i + 260 = 4*w. Suppose 5*v - i - 32 = 0. Calculate the highest common factor of m and v.
8
Suppose 0 = 5*s - 88 - 202. Suppose 2*r - 2*v + s = 282, -3*v - 448 = -4*r. Calculate the highest common divisor of r and 16.
16
Suppose 0 = -8*y + 115 + 149. Let g be (-14)/(-4)*(-8)/2. Let x = g + 36. Calculate the greatest common factor of y and x.
11
Let a be 1/2*(17 + 3). Let t be 2/a + 354/30. What is the highest common factor of t and 12?
12
Suppose 2*v = 29 + 7. Let x = 5 + -2. Suppose -8*a + 225 = -x*a. What is the highest common factor of v and a?
9
Let f(b) = -b**3 - 10*b**2 + 13. Let a be f(-10). Suppose 4*z + a = 157. Calculate the highest common factor of z and 9.
9
Let x = -76 + 85. What is the highest common factor of 99 and x?
9
Let u be 3 - (15/3 + 1). Let a be u + (-33)/(-1) - -3. Calculate the greatest common divisor of 3 and a.
3
Suppose -2*c - 2*c = -20. Suppose -40 = -h + c*j, 9 = 4*j - j. Suppose -3*q = 0, -5*y + h = 3*q - 0*q. Calculate the greatest common divisor of y and 77.
11
Let k = 193 + -90. Suppose -k = -5*r + 97. Let q = 21 - 5. Calculate the highest common divisor of q and r.
8
Let w(q) = -7*q + 28. Let i be w(-22). What is the greatest common divisor of 26 and i?
26
Let z be -30*((-30)/4)/5. Let k = z + -26. What is the highest common factor of 209 and k?
19
Let q(n) = 2*n + 7. Let j be q(6). Suppose -g + j = m - 2*g, -4*m + 48 = 3*g. Suppose 2*d - m = -3*d. What is the greatest common divisor of 24 and d?
3
Suppose 3*b - 1 - 11 = 0. Suppose -s - 252 = -5*g, -2*s = -b*g - g + 254. Calculate the greatest common divisor of g and 25.
25
Let d(j) = -20*j + 2. Let f be d(-9). Calculate the highest common divisor of 14 and f.
14
Let d(w) = -w**3 - 3*w**2 - 2*w + 2. Let y be d(-3). Suppose -5*v + 30 = -0*v + 5*b, -5*v + 4*b = -48. What is the greatest common divisor of v and y?
8
Let m(s) = 2*s**2 + 11*s - 7. Let a be m(-7). Calculate the highest common factor of 56 and a.
14
Let f = -93 + 119. Calculate the highest common divisor of 234 and f.
26
Suppose l + 26 = 3*n, n - 6*n = -4*l - 48. Let v be 3 + -3 + 0 + n. What is the greatest common factor of v and 48?
8
Suppose -5*n + 3*l = -105, -3*n - 5*l + 10 = -19. Let v be (47 + -48)/(2*2/(-8)). What is the greatest common factor of n and v?
2
Let k be (-102)/(-27) + (-2)/(-9). Let c be -15*(16/(-5) + 0). Let d = -12 + c. What is the highest common factor of d and k?
4
Suppose 0 = -w - o + 41, -2*w - 3*w = -2*o - 170. Suppose -m - 47 = -3*z, -2*m + 69 = 5*z + m. Let x = z - 6. Calculate the highest common divisor of w and x.
9
Let t = -169 - -173. Calculate the highest common divisor of 112 and t.
4
Suppose 3*l - 4*f - 110 = -0*f, 0 = -l + 4*f + 26. Calculate the highest common divisor of l and 21.
21
Suppose -25 - 27 = -g - h, -5*g = h - 272. What is the greatest common factor of 33 and g?
11
Let a be ((-9)/(-4))/(2/8). Let w be (-92)/(-3) + (-6)/a. What is the highest common divisor of w and 45?
15
Let u(z) = 3*z**2 - 13*z + 3. Let h be u(5). What is the greatest common divisor of 91 and h?
13
Let a(m) = 2*m - m + 2 - 3*m. Let s be a(3). Let x = s + 5. Calculate the highest common factor of x and 7.
1
Suppose 2*l - o = -91 + 566, -3*l + 740 = 4*o. Calculate the greatest common factor of l and 30.
30
Let y = 34 - 28. What is the highest common divisor of y and 66?
6
Let z be -14*2/(-7)*18. Suppose 5*a + 2 = -23. Let b be (a - (0 - 2))*-3. Calculate the highest common divisor of b and z.
9
Suppose -6*i + 8*i = 48. What is the greatest common divisor of i and 16?
8
Suppose o + r = -3, 0 = -3*o - 5*r - 6 - 9. Suppose o = 5*k - 38 - 62. What is the highest common divisor of 20 and k?
20
Let u = 5 - 0. Suppose -5*v + 75 = -5*g, 2*v = 7*g - 2*g + 36. Let o = v - -22. Calculate the greatest common factor of u and o.
5
Let w(o) = -2*o**2 - 8*o - 2. Let i(v) = v**2 - 1. Let p(u) = -3*i(u) - w(u). Let j be p(4). Calculate the highest common divisor of 3 and j.
3
Suppose 0 = -3*c + c + 5*p - 10, 5*c - p + 2 = 0. Let o = c + 21. Suppose -3*s = -o - 27. Calculate the greatest common factor of 40 and s.
8
Suppose 4 = 4*l - 236. Let c be (-76)/(-6) + 2/(-3). What is the highest common factor of c and l?
12
Suppose 4*q + g - 437 = 0, g + 2*g + 9 = 0. Calculate the highest common factor of q and 44.
22
Suppose i + 4 = 3*c - 5, -3*i + 5*c - 7 = 0. Suppose -14 + 104 = 5*s. What is the greatest common divisor of s and i?
6
Suppose -p + 108 = p. What is the greatest common factor of p and 9?
9
Suppose 0*f = f - 3*v + 13, 3*f - 3*v + 9 = 0. Suppose -f*s - 3 - 21 = -2*q, -4*q + 2*s + 48 = 0. What is the highest common factor of q and 3?
3
Suppose -j - 5 = -4. Let o be (-8)/j*15/12. Let p be (4/2)/2 + 3. What is the greatest common factor of p and o?
2
Let j(f) = 2*f**3 - 2*f + 2. Let c be j(2). Calculate the highest common factor of 112 and c.
14
Let s be (-2)/(-8) + 178/(-8). Let m be 4/s + (-332)/(-11). Let b(c) = c + 41. Let q be b(-26). Calculate the highest common factor of q and m.
15
Suppose 5 = -2*d - 5, -3*d = h. What is the highest common divisor of 10 and h?
5
Suppose 2*o = 2*j - 2*o + 90, 4*j + 4*o + 180 = 0. Let s = 65 - j. What is the greatest common divisor of 10 and s?
10
Suppose 0 = 2*w + 219 + 267. Let j = -111 - w. Calculate the highest common divisor of j and 12.
12
Let d(m) = 38*m - 2. Let b be d(1). What is the greatest common divisor of b and 12?
12
Suppose -6*u + 3*u - 5*r = -34, -16 = -3*u + 4*r. What is the highest common divisor of 8 and u?
8
Suppose w = 4*y - 484, -311 = -4*y - 3*w + 173. Let p = -114 - -125. Calculate the highest common factor of y and p.
11
Suppose 12*n = -n + 91. What is the greatest common factor of 91 and n?
7
Let x(n) = 3*n**2 + n - 5. Let p be x(-4). Calculate the greatest common factor of 13 and p.
13
Let h = 47 + 8. What is the greatest common factor of 22 and h?
11
Suppose -z = 4*w - 84, -83 = 2*z + 2*w - 269. What is the greatest common factor of z and 24?
24
Let h(j) = j**2 + 8*j - 4. Let b be h(-9). Suppose -38 = -b*u - 8. What is the greatest common divisor of u and 48?
6
Suppose -12 = -4*q + 52. Suppose -k - 2 = -0. Let o be 1282/8 - k/(-8). Calculate the greatest common divisor of q and o.
16
Let x be 1 - (3 + -4 + -38). What is the greatest common factor of 60 and x?
20
Let f = -2 - -8. Let b(d) = d**3 + 3. Let s be b(0). Suppose -f*z + 42 = -s*z. Calculate the greatest common divisor of z and 14.
14
Suppose 0*u = -3*u. Suppose -3*j - b + 240 = 2*b, 3*j - 3*b - 216 = u. Calculate the greatest common divisor of 19 and j.
19
Let j(a) = 16*a - 2. Let c be j(-3). Let k be (-6)/3 - (-1 - c). Let t = -35 - k. Calculate the highest common factor of t and 8.
8
Let p = -136 + -425. Let h be 2/((-1)/p*6). Calculate the highest common factor of 17 and h.
17
Suppose 28 = 4*t - 32. Let d be 156/t + 2/(-5). Let k be (-2376)/(-34) + 28/238. What is the highest common divisor of d and k?
10
Suppose -3*t + 10 = -2*t. Let i = 85 + -58. Let n be (-6)/i + (-1984)/(-18). What is the greatest common divisor of t and n?
10
Let m be (3/6 - 1)*0. Let d(y) = y**2 + 66. Let f be d(m). Calculate the greatest common divisor of 6 and f.
6
Let d(b) = -293*b. Let m be d(-2). Suppose -x = c - 116, -5*x + m + 9 = 2*c. Suppose -3*f + 7 = -26. Calculate the highest common divisor of f and x.
11
Let c be (6*(-20)/(-6))/2. Suppose -5*m + c = 30. Let g be (2/4)/((-1)/m). What is the greatest common divisor of 4 and g?
2
Let p = 11 + 1. Let r be (5 - 3)*-2 + 52*1. Calculate the greatest common factor of r and p.
12
Let p(m) = 3*m**3 - 4*m**2 + 2*m - 2. Let x be p(3). Suppose w = 5*s - 35, -59 = -5*s + 3*w - 24. What is the highest common divisor of s and x?
7
Suppose -o = 4*o - 15. Suppose 0*g + s = 2*g - 9, -21 = -2*g - 3*s. Calculate the highest common divisor of o and g.
3
Suppose -15*w = -13*w - 34. Calculate the greatest common factor of 17 and w.
17
Suppose -4*z + 82 = -14. 